highest common divisor of 2197734 and 20100?
402
What is the highest common divisor of 39 and 107250026?
13
What is the greatest common divisor of 1430 and 35726405?
715
Calculate the greatest common divisor of 400628756 and 418.
418
What is the highest common divisor of 162456 and 31941944?
7736
What is the greatest common divisor of 1440395 and 190465?
55
What is the greatest common divisor of 113439161 and 4678?
2339
Calculate the greatest common divisor of 43254 and 82430946.
486
Calculate the highest common divisor of 5190643 and 354.
59
What is the highest common divisor of 640485 and 8256?
129
What is the highest common factor of 7113659 and 14?
7
Calculate the highest common divisor of 257 and 134872829.
257
Calculate the highest common factor of 601445 and 2470.
1235
What is the highest common divisor of 197739799 and 2518?
1259
Calculate the highest common divisor of 796997362 and 3955.
791
What is the highest common divisor of 15345 and 10125995?
1705
What is the greatest common factor of 7813761 and 6585?
1317
Calculate the highest common factor of 1832436 and 22325.
893
Calculate the highest common divisor of 2042 and 148118512.
2042
What is the greatest common factor of 7852 and 404807?
13
Calculate the highest common divisor of 226576 and 1527722.
1666
What is the greatest common factor of 2114244 and 123519?
627
Calculate the highest common divisor of 26184 and 1009464.
24
Calculate the highest common divisor of 9378825 and 5225.
25
Calculate the greatest common divisor of 1481179535 and 55.
55
Calculate the highest common divisor of 1548276 and 804.
12
Calculate the highest common divisor of 52956058 and 42806.
2518
Calculate the highest common divisor of 8441795 and 15.
5
Calculate the greatest common factor of 6501240 and 32040.
360
Calculate the highest common divisor of 1430220 and 67965.
2955
What is the highest common factor of 2064406 and 30607?
241
Calculate the highest common factor of 151911973 and 3515.
703
Calculate the greatest common factor of 19338402 and 26064.
1086
Calculate the greatest common factor of 23760 and 3070320.
2640
What is the greatest common divisor of 195617 and 5970?
199
What is the greatest common divisor of 2345612164 and 196?
196
What is the highest common divisor of 407012 and 47627?
97
Calculate the greatest common factor of 550 and 61435825.
275
What is the greatest common divisor of 22 and 104965542?
22
What is the greatest common factor of 16919161 and 1029?
343
Calculate the highest common divisor of 2418 and 1124019.
39
Calculate the greatest common factor of 201844644 and 7976.
3988
Calculate the greatest common factor of 5832609 and 19455.
3891
Calculate the greatest common factor of 375969558 and 9848.
2462
Calculate the highest common divisor of 38278339 and 2431.
187
What is the highest common divisor of 5 and 415534645?
5
What is the highest common divisor of 771008 and 1984?
64
What is the highest common divisor of 1036309 and 5989?
53
What is the greatest common divisor of 171947551 and 926?
463
What is the highest common divisor of 17158 and 19274?
46
Calculate the highest common factor of 80322 and 65725.
11
Calculate the greatest common factor of 102 and 56737092.
102
What is the highest common factor of 2375 and 1148075?
475
Calculate the greatest common factor of 56490 and 29960.
70
What is the highest common divisor of 1304 and 2996277736?
1304
What is the greatest common factor of 141522 and 155262?
1374
What is the greatest common divisor of 5888 and 6168832?
256
What is the highest common divisor of 1181494 and 6848?
214
What is the highest common divisor of 369 and 4109463?
9
Calculate the greatest common divisor of 40113100 and 168820.
7340
What is the greatest common factor of 2289 and 27438243?
2289
Calculate the highest common divisor of 4594208 and 32.
32
What is the greatest common factor of 72674373 and 57?
57
What is the greatest common factor of 29 and 35070396?
29
What is the highest common divisor of 992 and 598400?
32
What is the highest common factor of 332 and 11582899?
83
What is the highest common factor of 92393 and 1057?
7
What is the greatest common divisor of 64409079 and 147?
147
What is the greatest common factor of 5370477 and 483?
483
Calculate the highest common divisor of 83006 and 334670.
98
Calculate the greatest common factor of 624 and 43244500.
52
Calculate the greatest common factor of 996 and 109400889.
249
What is the greatest common divisor of 314815 and 34940?
5
Calculate the greatest common divisor of 27160 and 747880.
280
Calculate the highest common factor of 186 and 75308982.
186
Calculate the highest common factor of 294 and 806882559.
147
Calculate the greatest common divisor of 454475 and 9805.
265
What is the highest common factor of 572229 and 41706?
63
What is the highest common factor of 2245080 and 240?
120
What is the highest common factor of 148542 and 1064?
38
What is the highest common divisor of 338250 and 2154570?
330
What is the highest common divisor of 695743040 and 320?
320
What is the highest common factor of 1988 and 5581520?
28
What is the highest common factor of 2758 and 312836?
394
What is the greatest common factor of 760 and 4766264?
152
What is the greatest common divisor of 10148 and 960749?
43
Calculate the highest common divisor of 250560 and 75105.
45
What is the highest common factor of 2162 and 2233806?
46
Calculate the highest common factor of 3927 and 309731653.
1309
Calculate the highest common factor of 47841 and 2098539.
1293
Calculate the greatest common divisor of 3387904 and 33280.
6656
What is the highest common factor of 705825 and 4475?
25
Calculate the greatest common divisor of 2295 and 87379660.
85
Calculate the highest common factor of 271703522 and 329.
47
What is the highest common divisor of 747120 and 2352?
48
Calculate the greatest common divisor of 8759476 and 1362.
454
Calculate the greatest common factor of 284795 and 29355.
515
Calculate the greatest common factor of 40498074 and 24.
6
Calculate the highest common factor of 136581674 and 86.
86
Calculate the greatest common factor of 23704306 and 230.
46
Calculate the greatest common divisor of 2030562 and 490482.
1674
What is the highest common divisor of 5742 and 184382?
638
Calculate the highest common divisor of 1347 and 1493945577.
1347
Calculate the greatest common factor of 155519 and 6695.
13
What is the highest common divisor of 6158907 and 9101?
19
Calculate the greatest common factor of 1976765 and 10.
5
What is the greatest common factor of 2584 and 339283?
19
Calculate the greatest common factor of 51537 and 15867.
123
Calculate the highest common divisor of 106476 and 288606.
2802
Calculate the greatest common divisor of 1914295680 and 11.
11
What is the highest common divisor of 25057979 and 38?
19
What is the highest common divisor of 6192 and 110386160?
688
Calculate the highest common factor of 7774984 and 168.
56
What is the highest common factor of 1053481 and 21359?
689
What is the highest common factor of 3712 and 2682819?
29
Calculate the greatest common factor of 930540065 and 17409.
5803
Calculate the greatest common factor of 60 and 32385160.
20
What is the highest common divisor of 25191992 and 1610?
322
Calculate the highest common factor of 7710606 and 378.
54
What is the greatest common divisor of 47172520 and 17080?
2440
Calculate the highest common factor of 31735522 and 8255.
1651
Calculate the highest common factor of 10596 and 220548.
12
Calculate the highest common divisor of 590226 and 52325.
2093
What is the greatest common factor of 155 and 27917081?
31
Calculate the highest common divisor of 61845 and 6674610.
465
What is the greatest common factor of 20388645 and 3105?
135
Calculate the greatest common factor of 1081150 and 112.
14
Calculate the highest common factor of 381865 and 43323665.
7205
Calculate the greatest common divisor of 84050 and 57980.
10
What is the greatest common divisor of 1420 and 277490?
10
What is the highest common divisor of 3500 and 15560300?
700
Calculate the greatest common factor of 69839532 and 216.
36
What is the highest common divisor of 7196 and 17294732?
28
Calculate the highest common factor of 85510 and 2635.
85
Calculate the highest common